= b + 279. What are the prime factors of b?
3, 31
Suppose -2*o = -3*o. Let z be 3 - -4 - (o - 0). List the prime factors of (-4 + z)*(-4)/(-6).
2
Suppose -4*u = o - 0*o - 57, 0 = 2*o - u - 123. What are the prime factors of o?
61
What are the prime factors of ((-20)/35)/((-6)/1659)?
2, 79
Let i(v) = 9*v - 13. Let f be i(-9). Let n be 10/(-35) + f/14. Let l = n + 13. List the prime factors of l.
2, 3
Suppose -3*r - 3*j = -r - 2, 3*j + 14 = 2*r. What are the prime factors of r?
2
Let i = -4 - -23. Let f = i - 10. List the prime factors of f.
3
Let q(n) = n**2 + 8*n - 3. List the prime factors of q(-10).
17
Let i(q) = 2*q**2 + 2*q - 5. What are the prime factors of i(-4)?
19
Suppose 2*o = 6*o - 112. What are the prime factors of o?
2, 7
Let d(l) = l**3 + 8*l**2 + 5*l - 6. Let j be d(-5). Let f = 1 - -2. Suppose f*a = -a + j. What are the prime factors of a?
11
Suppose 0 = 4*q - i - 98, -q + 9*i + 15 = 4*i. What are the prime factors of q?
5
Suppose 2*v + 94 = 4*k, 0 = -5*v - 4 - 21. What are the prime factors of k?
3, 7
Let l = -54 - -77. Suppose -3*y + 4*y + p - 4 = 0, 2*y - 3*p = l. What are the prime factors of y?
7
List the prime factors of 2/(2 - 4)*-140.
2, 5, 7
Let m = 0 + 0. Suppose m = -2*s + 13 - 3. List the prime factors of s.
5
Suppose -5*d - 3*c - 11 = 0, -3*d = 4*c - 2*c + 7. Let z be (-28)/16 + d/4. List the prime factors of 13/1 + z + 0.
11
Let x = 365 + -226. What are the prime factors of x?
139
Let h = 157 - 112. List the prime factors of h.
3, 5
Let u = 50 - -23. List the prime factors of u.
73
Let x be 4 + 1 + -3 + -2. Suppose 4*i - 2*f + 12 = x, 4*f = -i - 0 + 6. What are the prime factors of i + 9 - (3 - 4)?
2
Let m = 47 - 26. List the prime factors of m.
3, 7
Let n = -20 - -14. Let b(d) = -d**3 - 5*d**2 + 7*d + 6. Let k be b(n). Suppose -3*c = -2*j - 0*j + 10, -3*c = k. What are the prime factors of j?
5
Suppose -3*c + 3*f = -534, 0 = -2*c - 0*f + 4*f + 364. List the prime factors of c.
2, 3, 29
Let k = 68 - 39. List the prime factors of k.
29
Let k = -11 - -24. List the prime factors of k.
13
Suppose 3*y - 2*i = 3*i + 59, -4*y + 98 = 3*i. What are the prime factors of y?
23
Suppose 4*i - 1 = -5. Let c = 2 + i. List the prime factors of 2 - 1 - (-11)/c.
2, 3
Suppose -2*h + 19 = -h. Let g be (-58)/(-5) + (-2)/(-5). Let t = h - g. What are the prime factors of t?
7
Let p be -4 + 5 - 6/(-3). Suppose -2*j - p*j - 107 = -3*o, -o + 29 = 5*j. What are the prime factors of o?
2, 17
Let v(r) = -7*r**2 + 11*r + 7. Let i(a) = -8*a**2 + 12*a + 8. Let z(j) = 6*i(j) - 7*v(j). What are the prime factors of z(6)?
5
List the prime factors of (-2226)/(-9) - 12/9.
2, 3, 41
Let h(f) = -4*f**2 + 0*f**2 + f**3 - f**2 - 7 - 2*f. What are the prime factors of h(6)?
17
Let t(i) = -7*i**3 - 1. Let p be t(-1). Suppose x - 2*x + p = 0. Suppose -5*f - x = 4*l - 7*l, l = 3*f + 2. List the prime factors of l.
2
Let j be (7/2)/((-2)/(-4)). Suppose 2*k + j = -1. List the prime factors of 2 + k + 9 + 1.
2
Suppose 3*p + p = 0. Suppose -2*i + 10 + 14 = p. What are the prime factors of -2*3/i*-6?
3
Suppose 3*z - 5 - 103 = 0. List the prime factors of z.
2, 3
Suppose 0 = -4*u + 3*h + 57, -3*h + 19 = u + h. What are the prime factors of u?
3, 5
Let l = 31 - 27. Suppose -6 = -2*b - 2. Suppose -l*q + 14 = 2*w - 3*w, -3*w - 2 = -b*q. What are the prime factors of q?
2
Let v(j) = -j**3 + 10*j**2 - 8*j - 12. Let n be v(9). List the prime factors of 30 - n/(-3)*-3.
3, 11
Let h be ((-9)/(-12))/((-1)/(-4)). Suppose -2*l = -4*k + 4, -24 = 4*k - h*l + 8*l. What are the prime factors of (-9)/k + 4/(-2)?
7
Suppose -5*f - y = 2*y - 24, f - 6 = -y. Let v = 13 + f. List the prime factors of v.
2
Suppose -14 = -2*v - 5*k, -v = k + k - 8. Let l = v + -4. What are the prime factors of l?
2
Let r = 537 - 368. List the prime factors of r.
13
Suppose 4*n - 41 = 3*n. List the prime factors of n.
41
Suppose 3*u = -4*k + 90, 10*k + 4*u = 5*k + 113. List the prime factors of k.
3, 7
Suppose -a = 28 - 74. What are the prime factors of a?
2, 23
Let d(j) = -2*j**2 - 5*j - 2. Let g be d(-3). Let s(l) = l**3 + 4*l**2 - 3*l + 7. Let f be s(g). What are the prime factors of (11 - -3) + 3 + f?
2, 7
Let b(o) = o**2 + 1. Let i(f) = 3*f**2 + 3*f + 12. Let z(u) = 4*b(u) - i(u). List the prime factors of z(6).
2, 5
List the prime factors of (-234)/45*10/(-4).
13
Suppose -112 = -7*j + 98. Let n = j + -26. List the prime factors of n.
2
Let n(x) = x + 10. Let j be n(-7). Suppose 5*s - j*s = -2*c, -2*c + 4 = s. List the prime factors of c.
2
Let b be 1/((-1)/(21 - 0)). Let z be (-2)/7 - 6/b. Suppose z*o + 2*p - 76 = -4*o, o + 4*p = 33. What are the prime factors of o?
17
List the prime factors of (-4)/4*(-11 - -3).
2
Let h(n) = -n**3 + 9*n**2 + 10*n. Let q be h(10). Suppose 5*f + q*f = 10. Suppose -f*m - 3*m = -105. What are the prime factors of m?
3, 7
Suppose -4*m = -4, 1 = 3*t - 4*m + 5. Let p be (t/(-2)*-1)/2. Suppose p = -5*a + 5*x + 15, -4*a - 5*x + 7 = -5. What are the prime factors of a?
3
Let o = -54 - -77. List the prime factors of o.
23
Let g(z) = z**2 - 4*z - 8. Let u be g(6). Let v = -38 + 128. Suppose -w + v = u*w. List the prime factors of w.
2, 3
Suppose -4*r = -3*y + 1, 2*y + 9 = 5*y. Suppose r*o - 211 = -5*s, -2*s - 4*o = 3*s - 207. What are the prime factors of s?
43
Let p = -28 + 73. What are the prime factors of p?
3, 5
What are the prime factors of (14/35)/(3/420)?
2, 7
Let m be ((-35)/(-5))/(-1 + 2). Let o(j) = j**2 - 7*j + 7. What are the prime factors of o(m)?
7
Let w be (114 - -1) + 0 + 1. Suppose -44 = 4*t - w. List the prime factors of t.
2, 3
Suppose 0 = -20*y + 13*y + 1841. List the prime factors of y.
263
Suppose n = 4*r + 142 + 112, -3*r + 219 = n. List the prime factors of ((-3)/9)/((-3)/n).
2, 13
Let f be (2 - 4)*(-6)/4. Suppose 0 = -0*r + 5*r - f*n + 27, r + 3*n = 9. Let p = r + 6. List the prime factors of p.
3
Suppose j + 4*j = 3*y - 15, 2*y = 5*j + 15. Suppose 2*m + 3*m - 15 = y. List the prime factors of m.
3
Suppose -45 = 4*y - 2*j - 135, 3*y - 66 = j. Suppose 0 = -3*t + y. What are the prime factors of t?
7
Suppose -1 - 4 = -5*n. Let b be (n + -1 + -2)/1. Let a = 8 + b. What are the prime factors of a?
2, 3
Suppose -p + 169 + 121 = 0. Suppose p = 6*v - v. What are the prime factors of v?
2, 29
Let t(i) = -5 + 5*i - 8*i + 4*i**2 + 13*i - 5*i**2. What are the prime factors of t(5)?
2, 5
Suppose -3*q - 52 = -f - 5, -135 = -5*f - 5*q. List the prime factors of f.
2
Suppose 0 = -2*k + 3*b - 29, -3*k - b - 44 = -5*b. Let m = -52 + 30. Let d = k - m. What are the prime factors of d?
2, 3
Suppose 2*u + 2*u = -12. Let i = 12 + u. List the prime factors of i.
3
Let t = 6 + -1. Let m be 98/5 - (-2)/5. What are the prime factors of 2/t - (-192)/m?
2, 5
Suppose 2*u - 288 = -5*s - 66, 2*u = 4*s - 192. List the prime factors of s.
2, 23
Let g(f) = f**3 - 11*f**2 - f + 3. Let n be g(11). Let a be (-20)/n*4/2. Suppose 9*p - 4*p - a = 0, -s = -2*p - 2. What are the prime factors of s?
2
List the prime factors of (-5)/(5/(-27)) - 2.
5
Let b be (8 - (2 + -1))*1. What are the prime factors of b + 13 - 1/(-1)?
3, 7
Let x be (-46)/(-6) - 1/(-3). Suppose 3*g = 5*b + 7, x = g + b + 3*b. Suppose -u + 2*u - g = 0. What are the prime factors of u?
2
Let l(k) = 0*k + 3*k - 4*k + 0*k + 5. What are the prime factors of l(-6)?
11
Suppose -50 - 271 = -2*b + j, -15 = 5*j. What are the prime factors of b?
3, 53
Let z = -3 - -23. What are the prime factors of z?
2, 5
List the prime factors of 3 - 7/(21/(-138)).
7
Let w be ((-42)/(-35))/(2/20). Let f(m) = -m + 9. Let l be f(9). Suppose l*v = v - w. What are the prime factors of v?
2, 3
Suppose 21 = -3*a + 3*t - 0, -t + 35 = -5*a. Let u(z) be the third derivative of z**5/60 + 7*z**4/24 + 5*z**3/6 + z**2. What are the prime factors of u(a)?
5
Let a(b) = -6*b + 2. Let y(g) = -6*g + 2. Let s(m) = -4*a(m) + 3*y(m). Let r be s(-4). List the prime factors of (-3)/(-6) + r/(-4).
7
Suppose 5*q - 8 = 3*q. Suppose 0*k + q*k = 28. What are the prime factors of k?
7
Suppose u = -3*a + 5, 0 = -5*a - 5*u + 2 + 23. Suppose 6*k - 2*x - 101 = 3*k, -x - 1 = a. List the prime factors of k.
3, 11
Let j(v) be the third derivative of v**5/60 - 3*v**4/8 + v**3 - 4*v**2. What are the prime factors of j(11)?
2, 7
Let x be 3/(-3) + (-65)/(-1). Let p = x + -38. What are 